{"id":50,"date":"2017-09-10T22:41:57","date_gmt":"2017-09-10T22:41:57","guid":{"rendered":"http:\/\/mercedesquantenheilung.de\/?page_id=50"},"modified":"2017-10-03T00:00:24","modified_gmt":"2017-10-02T22:00:24","slug":"agb-s","status":"publish","type":"page","link":"https:\/\/mercedesquantenheilung.de\/?page_id=50","title":{"rendered":"AGB&#8216; s"},"content":{"rendered":"<p><strong>Anmeldung<\/strong><br \/>\nF\u00fcr unsere Kurse\/Seminare\/Workshops k\u00f6nnen Sie sich \u00fcber unser Anmeldeformular auf der Website anmelden. Wir k\u00f6nnen Ihnen aber auch ein Anmeldeformular gerne zusenden. Die Anmeldung k\u00f6nnen Sie uns \u00fcber die Website bequem zusenden, oder per Post oder E-Mail.<\/p>\n<p><strong>Vorl\u00e4ufige Best\u00e4tigung<\/strong><br \/>\nSie erhalten innerhalb von 3 Werktagen eine Best\u00e4tigung der Reservierung, die Rechnung mit Angabe des Zahlungstermins f\u00fcr die Kursgeb\u00fchr sowie eine Wegbeschreibung. Der Zahlungstermin ist im allgemeinen 1 Tag vor Kursbeginn.<\/p>\n<p><strong>Zahlung der Kursgeb\u00fchr<\/strong><br \/>\nGeben Sie bitte bei jeder Zahlung unbedingt den Teilnehmernamen und die Teilnehmernummer an, damit die Kursgeb\u00fchr zugeordnet werden kann. Es ist grunds\u00e4tzlich die volle Kursgeb\u00fchr zu bezahlen.<\/p>\n<p><strong>Bank\u00fcberweisung:<\/strong><br \/>\n<strong>Internationale Bankdaten:<\/strong><br \/>\nKontoinhaber: Mercedes Cabezos Bueno<br \/>\nHVB Garching<br \/>\nIBAN: DE31700202705250167069<br \/>\nSWIFT (BIC): HYVEDEMMXXX<\/p>\n<p>Eine Auslands\u00fcberweisung dauert ca. 8-10 Werktage. Wir k\u00f6nnen den Eingang erst best\u00e4tigen, wenn der Geldeingang bei uns verbucht ist! In eiligen F\u00e4llen faxen Sie uns bitte eine Kopie des \u00dcberweisungsbelegs, damit der Kursplatz nicht storniert wird.<\/p>\n<p><strong>Endg\u00fcltige Best\u00e4tigung<\/strong><\/p>\n<p>Sobald Ihre Zahlung bei uns verbucht ist, erhalten Sie die endg\u00fcltige Best\u00e4tigung per E-Mail. Teilnehmer aus visapflichtigen L\u00e4ndern erhalten die Originalbest\u00e4tigung zus\u00e4tzlich per Luftpost. Die Best\u00e4tigung dient zur Vorlage beim Visumsantrag und ersetzt die \u201eEinladung\u201c. Es werden generell keine Einladungen von Unternehmensberatung &amp; Training ausgesprochen.<\/p>\n<p><strong>Teilnahmebedingungen<\/strong><\/p>\n<p><u>1. Allgemeine Teilnahmevoraussetzung<\/u><\/p>\n<p>Der\/die Kursteilnehmer\/-in muss mindestens 18 Jahre alt sein.<\/p>\n<p><u>2. Kursteilnahme und Anmeldebest\u00e4tigung<\/u><\/p>\n<p>2.1. Nach der Anmeldung wird dem\/der Kursteilnehmer\/-in die Anmeldung zum gebuchten Unterricht, Verpflegung und Unterkunft von Unternehmensberatung &amp; Training (im folgenden kurz \u201eUB &amp; T\u201c) best\u00e4tigt (im folgenden \u201eAnmeldebest\u00e4tigung\u201c). Mit Zugang der Anmeldebest\u00e4tigung bei dem\/ der Kursteilnehmer\/-in kommt der Vertrag zustande.<\/p>\n<p>2.2. Mit der Anmeldebest\u00e4tigung wird eine Rechnung \u00fcbersandt, in der die anfallende Kursgeb\u00fchr, die s\u00e4mtliche Leistungen gem. Ziff. 2.1 (Unterricht, Unterkunft, Verpflegung, Anfahrtspauschale und Anmeldegeb\u00fchr) enth\u00e4lt. Ebenfalls wird Ihnen der Zahlungstermin und die Kursteilnehmernummer mitgeteilt.<\/p>\n<p><u>3. Preise und Zahlungsbedingungen<\/u><\/p>\n<p>3.1. Vertragsbestandteil ist die zum Zeitpunkt der Anmeldung g\u00fcltige Preisliste oder das individuelle von uns erstellte Angebot f\u00fcr Unterricht, Unterkunft und Verpflegung.<\/p>\n<p>3.2. Die Kursgeb\u00fchr ist in voller H\u00f6he zu dem in der Rechnung angegebenen Zahlungstermin zur Zahlung an die UB &amp; T f\u00e4llig. Ma\u00dfgeblich f\u00fcr die Rechtzeitigkeit der Zahlung ist der Eingang auf dem in der Rechnung angegebenen Konto der UB &amp; T. Bei der \u00dcberweisung ist die Kursteilnehmernummer anzugeben.<\/p>\n<p>3.3. Pro Kursteilnehmer wird eine Anmeldegeb\u00fchr von 50,00 \u20ac erhoben. In dieser Geb\u00fchr sind die Unterrichtsmaterialien enthalten.<\/p>\n<p>3.4. Nach Vereinbarung unterrichten wir au\u00dferhalb unserer Schulungsr\u00e4ume. F\u00fcr den Anfahrtsweg entstehen zus\u00e4tzliche Kosten in H\u00f6he von 65,00 \u20ac pro Anfahrt zur Schulung<em>.<\/em><\/p>\n<p>3.5. S\u00e4mtliche mit der Zahlung der Kursgeb\u00fchr anfallenden Bankgeb\u00fchren gehen zu Lasten des Kursteilnehmers\/der Kursteilnehmerin.<\/p>\n<p>3.6. Geht die Zahlung der vollen Kursgeb\u00fchr nicht rechtzeitig bei der UB &amp; T ein, verliert der\/die Teilnehmer\/-in seinen\/ihren Anspruch auf die gebuchten Leistungen. In diesem Fall ist die UB &amp; T berechtigt, die gebuchten Leistungen anderweitig zu vergeben.<\/p>\n<p>3.7. Bei Nichtteilnahme am gebuchten Kurs, versp\u00e4teter Ankunft, vorzeitiger Abreise oder Abbruch eines Kurses sowie bei sonstigen Fehlzeiten (z.B. Krankheit) besteht kein Anspruch auf Erstattung der Kursgeb\u00fchr.<\/p>\n<p><u> 4. Umbuchung<\/u><\/p>\n<p>Eine Umbuchung der gebuchten Leistungen (z.B. \u00c4nderung des Kurstermins) ist in Ausnahmef\u00e4llen zul\u00e4ssig und erfolgt in Absprache mit der UB &amp; T. Die ersten zwei Umbuchungen sind kostenfrei, wenn sie bis um 9.00 Uhr des Vortages erfolgen. F\u00fcr jede weitere Umbuchung wird ein Kostenbeitrag in H\u00f6he von 30,00 \u20ac f\u00e4llig.<\/p>\n<p><u> 5. R\u00fccktritt<\/u><\/p>\n<p>5.1. Der\/die Kursteilnehmer\/-in kann von der Buchung des Unterrichts gem\u00e4\u00df nachfolgenden Bedingungen zur\u00fccktreten:<\/p>\n<ul>\n<li>Bei R\u00fccktritt bis vier Wochen vor Kursbeginn beh\u00e4lt die UB &amp; T eine Verwaltungsgeb\u00fchr von 180,00 \u20ac ein;<\/li>\n<li>bei R\u00fccktritt bis eine Woche vor Kursbeginn beh\u00e4lt die UB &amp; T 30 % der Unterrichtsgeb\u00fchr ein, mindestens jedoch die Verwaltungsgeb\u00fchr von 180,00\u20ac;<\/li>\n<li>bei R\u00fccktritt bis einen Tag vor Kursbeginn beh\u00e4lt die UB &amp; T 50 % der Unterrichtsgeb\u00fchr ein, mindestens jedoch die Verwaltungsgeb\u00fchr von 180,00\u20ac;<\/li>\n<li>nach Kursbeginn beh\u00e4lt die UB &amp; T 100 % der Unterrichtsgeb\u00fchr ein.<\/li>\n<\/ul>\n<p>Dem\/der Kursteilnehmer\/-in ist der Nachweis gestattet, dass der im konkreten Fall angemessene Betrag niedriger ist.<\/p>\n<p>5.2. Von gebuchten Unterkunftsleistungen kann der\/die Kursteilnehmer\/-in bis vier Wochen vor Kursbeginn kostenlos zur\u00fccktreten. Ein sp\u00e4terer R\u00fccktritt ist ausgeschlossen.<\/p>\n<p>5.3. Der R\u00fccktritt ist schriftlich, auch per E-Mail, gegen\u00fcber der UB &amp; T an die in der Anmeldebest\u00e4tigung genannten Kontaktadressen zu erkl\u00e4ren. Ma\u00dfgeblich f\u00fcr den Zeitpunkt der R\u00fccktrittserkl\u00e4rung ist der Eingang der R\u00fccktrittserkl\u00e4rung bei der in der Anmeldebest\u00e4tigung genannten Kontaktadresse.<\/p>\n<p><u>6. Kurseinteilung\/Klassengr\u00f6\u00dfe<\/u><\/p>\n<p>6.1. Die Zuweisung zu einer Kursstufe erfolgt aufgrund eines Einstufungstests.<\/p>\n<p>6.2. Bei allen Kursen werden maximal 16 Kursteilnehmer\/-innen pro Klasse unterrichtet, wenn nichts Weiteres im Angebot spezifiziert wurde.<\/p>\n<p><u>7. Unterkunft<\/u><\/p>\n<p>7.1. Die UB &amp; T bietet auf Wunsch Unterk\u00fcnfte zur Miete an. Die Buchung von Unterk\u00fcnften ist in der Anmeldung anzugeben. Eine vorherige Besichtigung der Unterk\u00fcnfte ist nicht m\u00f6glich.<\/p>\n<p>7.2. Die Unterk\u00fcnfte werden nur kursweise vermietet. Der Tag des Einzugs ist der publizierte Anreisetag, der Tag des Auszugs ist der publizierte Abreisetag.<\/p>\n<p>7.3. F\u00fcr die pflegliche Behandlung und Sauberkeit der Unterkunft ist f\u00fcr die Dauer des Mietverh\u00e4ltnisses der\/die Kursteilnehmer\/-in zust\u00e4ndig. Nach Beendigung des Mietverh\u00e4ltnisses ist die Unterkunft aufger\u00e4umt und sauber zu hinterlassen.<\/p>\n<p>7.4. Erfolgt die Unterkunft in einem G\u00e4stehaus, so findet zu Beginn und Ende des Mietverh\u00e4ltnisses jeweils eine ordentliche \u00dcbergabe zwischen dem\/der Kursteilnehmer\/-in und einer von der UB &amp; T autorisierten Person statt (Zustand der R\u00e4umlichkeiten, Inventarpr\u00fcfung etc.).<\/p>\n<p>7.5. Die \u00dcbernachtung von G\u00e4sten des Kursteilnehmers\/der Kursteilnehmerin bedarf der ausdr\u00fccklichen Zustimmung der UB &amp; T.<\/p>\n<p>7.6. Ein Versto\u00df gegen die Hausordnung des Vermieters f\u00fchrt zu einer fristlosen K\u00fcndigung des Mietverh\u00e4ltnisses ohne Anspruch auf Ersatz oder Erstattung der Miete.<\/p>\n<p>7.7. Wird eine Unterkunft durch die UB &amp; T empfohlen, z.B. durch einen Link auf der Homepage der UB &amp; T, dann tritt die UB &amp; T nicht als Vermieter der Unterkunft auf.<\/p>\n<p><u>8. Pflichten des Kursteilnehmers\/der Kursteilnehmerin<\/u><\/p>\n<p>8.1. Der\/die Kursteilnehmer\/-in hat selbst und auf eigene Kosten Sorge zu tragen, dass sein\/ihr Aufenthalt in Deutschland rechtm\u00e4\u00dfig ist und er\/sie die\/das etwaig erforderliche Einreise- und Aufenthaltsgenehmigung\/Visum besitzt.<\/p>\n<p>8.2. Der\/die Kursteilnehmer\/-in ist f\u00fcr den Abschluss einer Kranken-, Unfall-, Haftpflicht- und Hausratsversicherung selbst verantwortlich. Die UB &amp; T \u00fcber- nimmt keine Haftung in diesem Bereich.<\/p>\n<p>8.3. Der\/die Kursteilnehmer\/-in ist verpflichtet, die in den Unterrichtsr\u00e4umen geltende Kurs- und Hausordnung einzuhalten.<\/p>\n<p><u>9. Haftung der UB &amp; T<\/u><\/p>\n<p>9.1. Auf Schadensersatz haftet die UB &amp; T, gleich aus welchem Rechtsgrund, nur bei Vorsatz oder grober Fahrl\u00e4ssigkeit.<\/p>\n<p>9.2. Dar\u00fcber hinaus haftet die UB &amp; T auch bei einfacher Fahrl\u00e4ssigkeit f\u00fcr Sch\u00e4den aus der Verletzung des Lebens, des K\u00f6rpers oder der Gesundheit sowie f\u00fcr Sch\u00e4den aus der schuldhaften Verletzung einer wesentlichen Vertragspflicht.<\/p>\n<p>9.3. Weitergehende vertragliche und deliktische Anspr\u00fcche des Kursteilnehmers\/der Kursteilnehmerin sind ausgeschlossen.<\/p>\n<p><u>10. H\u00f6here Gewalt<\/u><\/p>\n<p>Die UB &amp; T haftet weder f\u00fcr sich noch f\u00fcr seine Mitarbeiter f\u00fcr die Nichterf\u00fcllung seiner Vertragsverpflichtungen oder Sch\u00e4den, soweit diese auf h\u00f6here Gewalt, insbesondere Feuer, Wasser, Unwetter oder sonstige Naturereignisse, Explosion, Streik, Krieg, Aufruhr oder sonstige au\u00dferhalb des Verantwortungs-\/Einflussbereiches der UB &amp; T liegende Gr\u00fcnde zur\u00fcckzuf\u00fchren sind.<\/p>\n<p><u>11. Datenschutz<\/u><\/p>\n<p>Die UB &amp; T erhebt, verarbeitet und nutzt personenbezogene Daten des\/der Kursteilnehmers\/in sowohl zum Zwecke der Erf\u00fcllung eines mit dem\/der Kursteilnehmer\/in abgeschlossenen Vertrages als auch im Rahmen der gesetzlichen Erlaubnisse und einer der UB &amp; T gegebenenfalls erteilten datenschutzrechtlichen Einwilligungserkl\u00e4rung. Weitere Details ergeben sich aus der gesonderten Datenschutzerkl\u00e4rung, auf die hiermit ausdr\u00fccklich verwiesen wird.<\/p>\n<p><u>12. Anzuwendendes Recht<\/u><\/p>\n<p>F\u00fcr diese Teilnahmebedingungen und alle Rechtsbeziehungen zwischen der UB &amp; T und dem\/der Kursteilnehmer\/-in gilt das Recht der Bundesrepublik Deutschland. Gerichtsstand ist Tettnang.<\/p>\n<p><u>13. Salvatorische Klausel<\/u><\/p>\n<p>Sollten Teile oder einzelne Formulierungen dieser Teilnahmebedingungen unwirksam sein, bleiben die \u00fcbrigen Teile in ihrem Inhalt und ihrer G\u00fcltigkeit davon unber\u00fchrt. Die unwirksame Bestimmung ist durch eine rechtlich zul\u00e4ssige zu ersetzen, die der unzul\u00e4ssigen nach Inhalt und wirtschaftlicher Auswirkung am n\u00e4chsten kommt.<\/p>\n","protected":false},"excerpt":{"rendered":"<p>Anmeldung F\u00fcr unsere Kurse\/Seminare\/Workshops k\u00f6nnen Sie sich \u00fcber unser Anmeldeformular auf der Website anmelden. Wir k\u00f6nnen Ihnen aber auch ein Anmeldeformular gerne zusenden. Die Anmeldung k\u00f6nnen Sie uns \u00fcber die Website bequem zusenden, oder per Post oder E-Mail. Vorl\u00e4ufige Best\u00e4tigung Sie erhalten innerhalb von 3 Werktagen eine Best\u00e4tigung der Reservierung, die Rechnung mit Angabe des &hellip; <\/p>\n<p class=\"link-more\"><a href=\"https:\/\/mercedesquantenheilung.de\/?page_id=50\" class=\"more-link\"><span class=\"screen-reader-text\">&#8222;AGB&#8216; s&#8220;<\/span> weiterlesen<\/a><\/p>\n","protected":false},"author":1,"featured_media":0,"parent":0,"menu_order":0,"comment_status":"closed","ping_status":"closed","template":"","meta":{"footnotes":""},"_links":{"self":[{"href":"https:\/\/mercedesquantenheilung.de\/index.php?rest_route=\/wp\/v2\/pages\/50"}],"collection":[{"href":"https:\/\/mercedesquantenheilung.de\/index.php?rest_route=\/wp\/v2\/pages"}],"about":[{"href":"https:\/\/mercedesquantenheilung.de\/index.php?rest_route=\/wp\/v2\/types\/page"}],"author":[{"embeddable":true,"href":"https:\/\/mercedesquantenheilung.de\/index.php?rest_route=\/wp\/v2\/users\/1"}],"replies":[{"embeddable":true,"href":"https:\/\/mercedesquantenheilung.de\/index.php?rest_route=%2Fwp%2Fv2%2Fcomments&post=50"}],"version-history":[{"count":9,"href":"https:\/\/mercedesquantenheilung.de\/index.php?rest_route=\/wp\/v2\/pages\/50\/revisions"}],"predecessor-version":[{"id":194,"href":"https:\/\/mercedesquantenheilung.de\/index.php?rest_route=\/wp\/v2\/pages\/50\/revisions\/194"}],"wp:attachment":[{"href":"https:\/\/mercedesquantenheilung.de\/index.php?rest_route=%2Fwp%2Fv2%2Fmedia&parent=50"}],"curies":[{"name":"wp","href":"https:\/\/api.w.org\/{rel}","templated":true}]}}