{"id":324,"date":"2021-09-24T17:30:53","date_gmt":"2021-09-24T15:30:53","guid":{"rendered":"https:\/\/mercedesquantenheilung.de\/?page_id=324"},"modified":"2025-08-11T23:34:46","modified_gmt":"2025-08-11T21:34:46","slug":"gesundheit","status":"publish","type":"page","link":"https:\/\/mercedesquantenheilung.de\/?page_id=324","title":{"rendered":"Gesundheit"},"content":{"rendered":"\n<p>Es gibt viele M\u00f6glichkeiten seiner Gesundheit etwas Gutes zu tun. Hier findest du Anregungen und Tipps, die sich in meiner Praxis bew\u00e4hrt haben. <\/p>\n\n\n\n<p class=\"has-black-color has-pale-cyan-blue-background-color has-text-color has-background has-medium-font-size\" id=\"BentonitZeolith\"><strong>Entgiftung des K\u00f6rpers<\/strong><\/p>\n\n\n\n<h2 class=\"wp-block-heading\">B\u00e4der zum Entgiften! Spare Du heute mit dem Gutschein-Code<\/h2>\n\n\n\n<p class=\"has-drop-cap\">B\u00e4der k\u00f6nnen nicht nur entspannend sein, sondern zu unserer Gesundheit beitragen. Hier stelle ich dir eine M\u00f6glichkeit vor, dich von Giften, die sich in deinem K\u00f6rper befinden k\u00f6nnen, zu befreien.<\/p>\n\n\n\n<p>Bentonit-B\u00e4der in regelm\u00e4\u00dfigen Abst\u00e4nden, k\u00f6nnen angeh\u00e4ufte Gifte aus dem K\u00f6rper entfernen. Diese B\u00e4der entgiften durch die Haut den K\u00f6rper und tragen somit zu einer besseren Gesundheit und mehr Wohlbefinden bei. Falls du mehr dar\u00fcber erfahren m\u00f6chtest, wie Bentonit auf den K\u00f6rper wirkt, kannst du <strong><a href=\"https:\/\/www.zeolith-bentonit-versand.de\/de\/bentonit-200g.html?aw_affiliate=eyJjYW1wYWlnbl9pZCI6IjMiLCJ0cmFmZmljX3NvdXJjZSI6Imh0dHBzOlwvXC93d3cubWVyY2VkZXNxdWFudGVuaGVpbHVuZy5kZSIsImFjY291bnRfaWQiOjY0fQ\" data-type=\"URL\" data-id=\"https:\/\/www.zeolith-bentonit-versand.de\/de\/bentonit-200g.html?aw_affiliate=eyJjYW1wYWlnbl9pZCI6IjMiLCJ0cmFmZmljX3NvdXJjZSI6Imh0dHBzOlwvXC93d3cubWVyY2VkZXNxdWFudGVuaGVpbHVuZy5kZSIsImFjY291bnRfaWQiOjY0fQ\" target=\"_blank\" rel=\"noreferrer noopener\">hier<\/a><\/strong> detaillierte Datenbl\u00e4tter einsehen.<\/p>\n\n\n\n<p class=\"has-medium-font-size\"><span style=\"background-color:rgba(0, 0, 0, 0)\" class=\"has-inline-color has-vivid-cyan-blue-color\">Wie bereitet man so ein Bad vor?<\/span><\/p>\n\n\n\n<figure class=\"wp-block-image size-large is-style-default\"><img loading=\"lazy\" decoding=\"async\" width=\"1024\" height=\"576\" src=\"http:\/\/mercedesquantenheilung.de\/wp-content\/uploads\/2021\/09\/bathroom-3529490_1280-1-1024x576.jpg\" alt=\"\" class=\"wp-image-328\" srcset=\"https:\/\/mercedesquantenheilung.de\/wp-content\/uploads\/2021\/09\/bathroom-3529490_1280-1-1024x576.jpg 1024w, https:\/\/mercedesquantenheilung.de\/wp-content\/uploads\/2021\/09\/bathroom-3529490_1280-1-300x169.jpg 300w, https:\/\/mercedesquantenheilung.de\/wp-content\/uploads\/2021\/09\/bathroom-3529490_1280-1-768x432.jpg 768w, https:\/\/mercedesquantenheilung.de\/wp-content\/uploads\/2021\/09\/bathroom-3529490_1280-1.jpg 1280w\" sizes=\"(max-width: 767px) 89vw, (max-width: 1000px) 54vw, (max-width: 1071px) 543px, 580px\" \/><\/figure>\n\n\n\n<p><strong><span class=\"has-inline-color has-vivid-cyan-blue-color\">Die Zutaten sind:<\/span><\/strong><\/p>\n\n\n\n<p>Warmes Wasser<br>1\/2 Tasse Bentonit<br>Ein bisschen weniger als eine 1\/2 Tasse Bittersalz<\/p>\n\n\n\n<p>Zeit insgesamt: ca. 45 Minuten<\/p>\n\n\n\n<p><strong><span class=\"has-inline-color has-vivid-cyan-blue-color\">Vorgehen:<\/span><\/strong><\/p>\n\n\n\n<p>Du l\u00e4sst ein warmes Bad ein, nimmst eine halbe Tasse Bentonit und streust es direkt ins warme Wasser (das ergibt bei mir am wenigsten Klumpen). Danach die halbe Tasse Bittersalz. Vermische ein wenig die Zutaten und warte dann ca. 5 Minuten. In der Zeit quellen und l\u00f6sen sich die Zutaten im Wasser auf. Es wird empfohlen keine weiteren Zus\u00e4tze ins Wasser zu geben, da sonst die Wirkkraft herunter gesetzt werden kann. Das Bentonit ist dann mit dem Entgiften der Zus\u00e4tze besch\u00e4ftigt.<\/p>\n\n\n\n<p>Nun kann es los gehen. Temperiere das Wasser, wie du es gerne hast. Lege dich dann f\u00fcr 20 &#8211; 30 Minuten ins Wasser und genie\u00dfen dein Bad. Wenn du mit dem Baden fertig bist und etwas Zeit zum Entspannen hast, kannst du dich im Handtuch eingewickelt, aber ohne dich abzutrocknen, ausruhen.<\/p>\n\n\n\n<p>Es wird empfohlen, nach dem Bad keine chemische Kosmetika oder \u00c4hnliches  auf die Haut aufzutragen. Diese enth\u00e4lt in der Regel chemische Bestandteile, die nicht f\u00fcr den K\u00f6rper f\u00f6rderlich sind. Nach dem Bentonit-Bad ist die Haut sehr zart und offen und kann sehr leicht die Chemikalien aufnehmen.<\/p>\n\n\n\n<p>Sp\u00fcre du selbst, wie gut dir das Bad tut und entscheide selbst, ob du die B\u00e4der in regelm\u00e4\u00dfigen Abst\u00e4nden durchf\u00fchren willst. Solltest du am K\u00f6rper Schmerzen haben, empfehle ich das Bad mehrfach pro Woche durchzuf\u00fchren. Du k\u00f6nntest es aber auch als Kur ein mal pro Woche durchf\u00fchren. Aber nicht nur du, sondern auch Hunde z.B. k\u00f6nnen ein Bentonit-Bad nehmen.<\/p>\n\n\n\n<p>Da mein Hund Jacky, schon etwas \u00e4lter ist und Gelenksprobleme hat, nutze ich mein Badewasser anschlie\u00dfend f\u00fcr meinen Hund Jacky. Seit er diese B\u00e4der in w\u00f6chentlichen Rhythmus macht, ist er viel gelenkiger und munterer als vorher. In diesem Fall w\u00e4hle ich die Badezeit k\u00fcrzer, ca. 10 &#8211; 15 Minuten.<\/p>\n\n\n\n<p>Wie du siehst, k\u00f6nnen diese B\u00e4der f\u00fcr Mensch und Tier vielerlei Vorteile bringen.<\/p>\n\n\n\n<p>Da es wie immer unterschiedliche Qualit\u00e4ten zu den verschiedenen Produkte gibt, kaufe ich das Bentonit Med in <strong>Arzneimittelqualit\u00e4t. <\/strong>Damit kann ich sicher gehen, dass die Qualit\u00e4t des Bentonits sehr gut ist und auch f\u00fcr die innere Anwendung unbedenklich ist. Solltest du noch weitere Informationen ben\u00f6tigen, empfehle ich dir auf die Seite des Anbieters zu gehen. Hier ist der <strong><a href=\"https:\/\/www.zeolith-bentonit-versand.de\/de\/bentonit-200g.html?aw_affiliate=eyJjYW1wYWlnbl9pZCI6IjMiLCJ0cmFmZmljX3NvdXJjZSI6Imh0dHBzOlwvXC93d3cubWVyY2VkZXNxdWFudGVuaGVpbHVuZy5kZSIsImFjY291bnRfaWQiOjY0fQ\" data-type=\"URL\" data-id=\"https:\/\/www.zeolith-bentonit-versand.de\/de\/bentonit-200g.html?aw_affiliate=eyJjYW1wYWlnbl9pZCI6IjMiLCJ0cmFmZmljX3NvdXJjZSI6Imh0dHBzOlwvXC93d3cubWVyY2VkZXNxdWFudGVuaGVpbHVuZy5kZSIsImFjY291bnRfaWQiOjY0fQ\">Link<\/a><\/strong> dazu.<\/p>\n\n\n\n<p>Solltest du nun Lust auf ein Entgiftungsbad bekommen haben, erh\u00e4ltst du hier exklusiv mit dem Gutschein-Code MercedesQ-10% einen Preisnachlass von 10% auf deinen Einkauf. Den <strong><a href=\"https:\/\/www.zeolith-bentonit-versand.de\/de\/bentonit-200g.html?aw_affiliate=eyJjYW1wYWlnbl9pZCI6IjMiLCJ0cmFmZmljX3NvdXJjZSI6Imh0dHBzOlwvXC93d3cubWVyY2VkZXNxdWFudGVuaGVpbHVuZy5kZSIsImFjY291bnRfaWQiOjY0fQ\" data-type=\"URL\" data-id=\"https:\/\/www.zeolith-bentonit-versand.de\/de\/bentonit-200g.html?aw_affiliate=eyJjYW1wYWlnbl9pZCI6IjMiLCJ0cmFmZmljX3NvdXJjZSI6Imh0dHBzOlwvXC93d3cubWVyY2VkZXNxdWFudGVuaGVpbHVuZy5kZSIsImFjY291bnRfaWQiOjY0fQ\">Link<\/a><\/strong> zum Anbieter findest du <strong><a href=\"https:\/\/www.zeolith-bentonit-versand.de\/de\/bentonit-200g.html?aw_affiliate=eyJjYW1wYWlnbl9pZCI6IjMiLCJ0cmFmZmljX3NvdXJjZSI6Imh0dHBzOlwvXC93d3cubWVyY2VkZXNxdWFudGVuaGVpbHVuZy5kZSIsImFjY291bnRfaWQiOjY0fQ\" data-type=\"URL\" data-id=\"https:\/\/www.zeolith-bentonit-versand.de\/de\/bentonit-200g.html?aw_affiliate=eyJjYW1wYWlnbl9pZCI6IjMiLCJ0cmFmZmljX3NvdXJjZSI6Imh0dHBzOlwvXC93d3cubWVyY2VkZXNxdWFudGVuaGVpbHVuZy5kZSIsImFjY291bnRfaWQiOjY0fQ\">hier<\/a><\/strong>.<\/p>\n\n\n\n<p><strong>Anmerkung: <\/strong>Sollte der Link nicht mehr g\u00fcltig sein, k\u00f6nnen Sie sich gerne mit mir telefonisch in Verbindung setzen.<\/p>\n","protected":false},"excerpt":{"rendered":"<p>Es gibt viele M\u00f6glichkeiten seiner Gesundheit etwas Gutes zu tun. Hier findest du Anregungen und Tipps, die sich in meiner Praxis bew\u00e4hrt haben. Entgiftung des K\u00f6rpers B\u00e4der zum Entgiften! Spare Du heute mit dem Gutschein-Code B\u00e4der k\u00f6nnen nicht nur entspannend sein, sondern zu unserer Gesundheit beitragen. Hier stelle ich dir eine M\u00f6glichkeit vor, dich von &hellip; <\/p>\n<p class=\"link-more\"><a href=\"https:\/\/mercedesquantenheilung.de\/?page_id=324\" class=\"more-link\"><span class=\"screen-reader-text\">&#8222;Gesundheit&#8220;<\/span> weiterlesen<\/a><\/p>\n","protected":false},"author":1,"featured_media":328,"parent":0,"menu_order":0,"comment_status":"closed","ping_status":"closed","template":"","meta":{"footnotes":""},"_links":{"self":[{"href":"https:\/\/mercedesquantenheilung.de\/index.php?rest_route=\/wp\/v2\/pages\/324"}],"collection":[{"href":"https:\/\/mercedesquantenheilung.de\/index.php?rest_route=\/wp\/v2\/pages"}],"about":[{"href":"https:\/\/mercedesquantenheilung.de\/index.php?rest_route=\/wp\/v2\/types\/page"}],"author":[{"embeddable":true,"href":"https:\/\/mercedesquantenheilung.de\/index.php?rest_route=\/wp\/v2\/users\/1"}],"replies":[{"embeddable":true,"href":"https:\/\/mercedesquantenheilung.de\/index.php?rest_route=%2Fwp%2Fv2%2Fcomments&post=324"}],"version-history":[{"count":14,"href":"https:\/\/mercedesquantenheilung.de\/index.php?rest_route=\/wp\/v2\/pages\/324\/revisions"}],"predecessor-version":[{"id":478,"href":"https:\/\/mercedesquantenheilung.de\/index.php?rest_route=\/wp\/v2\/pages\/324\/revisions\/478"}],"wp:featuredmedia":[{"embeddable":true,"href":"https:\/\/mercedesquantenheilung.de\/index.php?rest_route=\/wp\/v2\/media\/328"}],"wp:attachment":[{"href":"https:\/\/mercedesquantenheilung.de\/index.php?rest_route=%2Fwp%2Fv2%2Fmedia&parent=324"}],"curies":[{"name":"wp","href":"https:\/\/api.w.org\/{rel}","templated":true}]}}